mon divisor of 14 and l?
2
Suppose 1 = -v, 7*v - 356 = -5*w + 3*v. Calculate the greatest common factor of w and 8.
8
Suppose -2*f = 4*b - 158, 5*f - 2*b - 13 = 322. Suppose -f - 39 = -3*s. What is the greatest common divisor of 12 and s?
12
Let u be 208/56 + 2/7. Suppose 0 = -4*m - 4*q + 36, u*m - 12 = -0*m + 4*q. Calculate the highest common factor of m and 54.
6
Suppose 10 = 2*g - g. Calculate the highest common factor of g and 110.
10
Let y(m) = -m**3 + 7*m**2 - 2*m + 6. Suppose 0 = -0*h + 4*h - 24. Let s be y(h). Calculate the greatest common factor of s and 10.
10
Suppose 19 = -5*u + 154. Suppose -3*v - x = -u + 4, 0 = -3*v + 4*x + 13. Calculate the highest common divisor of v and 49.
7
Suppose 2*v - v - 56 = 0. Suppose 4*g - 25 = -0*q + 3*q, -4*g = -5*q - 23. Calculate the greatest common factor of g and v.
7
Let q(p) = 4*p**2 - p + 1. Let i be q(2). Calculate the greatest common factor of i and 5.
5
Suppose 0 = -5*o - 16 + 106. Calculate the highest common factor of 6 and o.
6
Let t(z) = 3*z**2 - 2*z + 5. Let g be t(-5). Let q(m) = -3*m + 36. Let b be q(6). Calculate the greatest common divisor of b and g.
18
Suppose -4*l = 5*s - 0*s - 200, -4*s + 106 = 2*l. Suppose 2*q + q - 27 = 0. Calculate the highest common factor of l and q.
9
Let b = 41 - 8. What is the greatest common factor of b and 3?
3
Suppose 6 = 5*f - 4. Let z(i) = i**3 - i + 2. Let l be z(f). What is the highest common factor of 40 and l?
8
Let b = -9 - -9. Let k(m) = 1. Let x(z) = -z**2 + z - 14. Let i(t) = -2*k(t) - x(t). Let h be i(b). What is the highest common divisor of h and 48?
12
Suppose 4*t - 5 = 19. Calculate the highest common factor of t and 66.
6
Let y(r) = 10*r**2 + 7*r. Let a be y(-2). Calculate the greatest common factor of 26 and a.
26
Let k(v) = 7*v**2 + 3*v + 3. Let y be k(-2). Calculate the greatest common factor of y and 50.
25
Let a = 11 + -9. Suppose a*n + 6 = 4*n. Suppose -n*t = 3*h - 546, 4*h = h + 3*t + 576. What is the highest common divisor of 17 and h?
17
Let v(y) = -2*y - 4. Let f be v(-8). Calculate the greatest common divisor of 8 and f.
4
Let z(r) = -5 + 0 - 8 + 3*r + 2. Let m be z(7). What is the greatest common factor of 5 and m?
5
Let v = 21 - -41. Suppose -g = -2 - v. Suppose -3*d + 5*i + g = 0, 2*d + 3*i + 16 = 3*d. Calculate the highest common divisor of d and 14.
14
Let q = -2 - -2. Suppose -u + 0*u + 1 = q. Let v(h) = 23*h**3 - h. Let s be v(u). What is the greatest common divisor of 11 and s?
11
Let s = -15 - -29. Let f = 106 - 85. Calculate the highest common factor of f and s.
7
Let r(f) = 17*f - 14. Let h be r(4). Suppose h = 3*v + 3*v. What is the greatest common divisor of 54 and v?
9
Suppose 5*x - 325 = 2*k, x - 4*k - 65 = k. Calculate the highest common factor of 52 and x.
13
Let z = 348 + -205. Calculate the highest common factor of z and 13.
13
Let b = 1 - -4. Let l(x) = x**2 + 3*x + 5. Let p be l(b). Suppose m - 4*m = -45. Calculate the highest common factor of m and p.
15
Let w = -1 + 2. Suppose -5*f + 8 = -12. What is the greatest common factor of w and f?
1
Let r be (-1 - -4) + 14 + 0. Let o = 23 - 6. Calculate the highest common factor of r and o.
17
Let w be 2 + 0 + (1 - -1). Let l(g) = 15*g**3 + g**2. Let v be l(1). Suppose o = -3*o + v. What is the highest common factor of o and w?
4
Suppose -2*l = -7*l + 20. Let s = l - 2. Let v(r) = -6*r - 2. Let y be v(-2). What is the greatest common divisor of s and y?
2
Suppose -108 = -7*b - 2*b. Let m be ((-15)/(-4))/(1/8). What is the greatest common factor of b and m?
6
Let f(a) = 11*a**2 + 2*a - 1. Let o be f(1). Suppose -101 = -3*p + 79. Calculate the greatest common factor of p and o.
12
Let p(v) = 9*v**2 + v. Let y be p(2). Calculate the greatest common factor of 2 and y.
2
Suppose -3*t = 3*y - 180, -4*y - 63 - 17 = -t. Suppose -3*o = 2*i - 213 - 49, -5*o = 10. Let s = i - t. What is the greatest common divisor of 28 and s?
14
Suppose 3*q + 3 = -2*c, 3*c - 3*q = 6*c. Let y be 163/5 - (-120)/300. What is the highest common divisor of c and y?
3
Suppose -25 = -4*t + 23. Let f(j) = -7*j - 6. Let o be f(-6). Calculate the greatest common factor of t and o.
12
Suppose 5*a = a + 76. Let z = 99 - 4. Calculate the highest common divisor of a and z.
19
Let x be 441/7*(-12)/(-14). Let l = x - 21. Let s = l - 15. Calculate the highest common divisor of s and 36.
18
Let y(g) = -g - 2. Suppose 3*s - 5*o = 15, 6 = 3*s - 3*o + o. Let k be y(s). Let a be 2 + k + 0 - -56. Calculate the greatest common factor of 14 and a.
14
Let c be 788/8 - (-5)/10. Calculate the highest common divisor of c and 18.
9
Let j(g) = 8*g - 30. Let h be j(10). What is the highest common divisor of 2 and h?
2
Suppose d - 125 = -4*d. Suppose 2*g - 45 = d. Let b = -4 + 18. What is the greatest common factor of b and g?
7
Suppose -14*b - 89 + 1349 = 0. What is the highest common divisor of 60 and b?
30
Suppose 5*y = 16 + 24. Suppose 4*i - 5*v = i - 23, -y = 2*i + 4*v. Let h be (1 + i/9)*9. Calculate the highest common factor of h and 6.
3
Suppose 20 = -2*h - 92. Let u = -40 - h. Suppose m + 0*m - u = 0. Calculate the greatest common factor of 16 and m.
16
Suppose -4*y + 3*a = -233, -2*y + 62 = -y - 2*a. What is the highest common divisor of y and 14?
14
Let n(a) = a + 12. Let w be n(-8). Suppose -w*j + 608 = 4*y + 8, -466 = -3*j + y. Calculate the greatest common divisor of j and 14.
14
Let u(w) = w**3 + 8*w**2. Let q be u(-8). Suppose -3*z + x + 85 = q, x - 4*x = -5*z + 147. What is the greatest common divisor of z and 243?
27
Let g be 0/(-4) + -1 + 25. Let h(c) = -c**2 + 17*c + 24. Let p be h(18). What is the highest common divisor of g and p?
6
Suppose 0 = 6*m + 36 - 168. Calculate the greatest common divisor of 55 and m.
11
Suppose -3 = -c - 0*c. Suppose -c*y + y = -28. Calculate the highest common divisor of 2 and y.
2
Let g(o) = 32*o + 6. Let v be g(3). Calculate the greatest common divisor of v and 17.
17
Let f(h) = h**3 + 22*h**2 - 25*h - 1. Let r be f(-23). Let l be (-1)/(-1) + -2 - -5. Suppose 61 = l*y - 11. Calculate the greatest common divisor of y and r.
9
Let r be 0 + 114 + (0 - 0). Let d = -6 + r. Suppose -41 = -4*p - c + 4, -4*p + 2*c + 54 = 0. Calculate the highest common factor of p and d.
12
Suppose -3*o + 3*d = -57, 0*o - 5*d = o - 13. Suppose 2*g - o = -0*g. What is the highest common divisor of g and 1?
1
Suppose v + 44 = 4*g, -2*g + 3*g - 11 = -3*v. What is the greatest common factor of 11 and g?
11
Let v = 3 + 8. Let r be (-6)/(-21) + (-150)/(-14). What is the highest common factor of v and r?
11
Suppose 0 = -3*w + 43 + 14. Suppose 0 = -d - 2*d. Let l be (-56 + d + -1)*-1. What is the greatest common divisor of l and w?
19
Let l = 5 - -1. What is the highest common divisor of 30 and l?
6
Let z(h) = h**2 - 2*h + 1. Let s be z(3). Suppose -s*o + 50 + 154 = 0. Calculate the highest common divisor of o and 34.
17
Suppose 12 = 8*j - 4*j. Let n(c) = -c - 4. Let l(t) = -1. Let f(x) = 6*l(x) - n(x). Let q be f(j). What is the highest common factor of q and 3?
1
Suppose 2*h + 5*w + 4 + 4 = 0, -5*w = 20. What is the highest common factor of h and 54?
6
Let l be (-804)/(-9) - 4/(-6). Let z(a) = -a**3 - 5*a**2 - 13*a - 18. Let x be z(-4). Calculate the greatest common factor of l and x.
18
Let d be 20/16 - 1/4. Let o be (-4)/(d/(15/(-2))). Calculate the greatest common divisor of o and 5.
5
Let n be 4/14 + (-5)/(-7). Suppose 5 - 2 = 3*i. What is the greatest common factor of i and n?
1
Let v(r) be the third derivative of 17*r**4/24 - 5*r**3/6 + r**2. Let w be 4/(-4)*2 - -6. Let u be v(w). Calculate the highest common divisor of u and 21.
21
Let h = -20 + 22. Let t(q) = -2*q**3 + 5*q**3 - 4*q**3 + 1. Let a be t(-1). What is the highest common divisor of a and h?
2
Suppose 0*k = -5*k + 425. Let r = k - -43. What is the highest common divisor of r and 16?
16
Let t(z) = 3*z**2 + z + 8. Let m be t(-6). Suppose 0 = -2*k - 2*b + 30, 2*k - b = 4*k - 25. Calculate the greatest common factor of k and m.
10
Suppose -2*o - 28 + 132 = 0. What is the highest common factor of o and 13?
13
Let n(o) = -5 + o**3 + 3 - 3*o - 3*o + 7*o**2. Let b be n(-7). Suppose 3*j + j = b. What is the highest common factor of 2 and j?
2
Let w = 5 + -2. Suppose -3*d - w = 0, -m = -3*d + 4*d - 69. Calculate the highest common fac